 is divided by z.
9
Let l(s) = 5*s**2 - 2*s - 3. What is the remainder when l(4) is divided by 18?
15
Let l(f) = -54*f + 1. Let y(b) = b**3 + 8*b**2 + 19. What is the remainder when l(-1) is divided by y(-8)?
17
Suppose 0 = u + w - 5*w + 4, 0 = -u - 3*w + 3. Calculate the remainder when 51 is divided by (3 - u) + -7 - -22.
15
Suppose -3*c + 3 = -3. Suppose 3*q = -5*g + 187, c*q - 161 = -2*g - 35. Calculate the remainder when q is divided by 22.
20
Let o = 57 - 40. What is the remainder when 32 is divided by o?
15
Let f = 35 - 20. What is the remainder when 73 is divided by f?
13
Suppose 0 = 2*o - 158 - 166. Suppose -o = -2*d + 24. What is the remainder when d is divided by 32?
29
What is the remainder when 33/(((-27)/12)/(18/(-12))) is divided by 14?
8
Suppose 12 = 8*d - 20. What is the remainder when (-62)/(-4) + (-1)/2 is divided by d?
3
Calculate the remainder when 119 is divided by -2*(-4)/(-16)*-2 - -30.
26
Let t be 234/30 + 1/5. Let s = t - 6. What is the remainder when 7 is divided by s?
1
Let t = -9 - -5. Let q be (-25)/(-10)*t/(-5). Calculate the remainder when (-69)/(-6)*1*q is divided by 12.
11
Let q = 51 + 2. Calculate the remainder when q is divided by 27.
26
Suppose 0 = 3*n - 11*n + 176. What is the remainder when 32 is divided by n?
10
Let b(x) = -3*x - 1. Calculate the remainder when 4 is divided by b(-1).
0
What is the remainder when 92 is divided by (3/12)/((-3)/(-12)) + 18?
16
Suppose -2*l = -6*l + 2*c + 4, 5*c - 2 = 4*l. Suppose -10 - 2 = -l*d. What is the remainder when d is divided by (-5)/(-1) + (-1)/1?
2
Let j(f) = -5*f**3 - 2*f**2. Suppose 3*w + 3 = -3. Let l(c) = -c + 5. Calculate the remainder when j(w) is divided by l(-6).
10
Let q = 12 - 8. Let a be (-65)/(-20) - 1/q. Suppose 3*v = -v + 5*c + 50, 4*c = -a*v + 53. What is the remainder when v is divided by 8?
7
Let f = 48 - 17. What is the remainder when f is divided by ((-24)/(-20))/((-3)/(-20))?
7
Suppose 2*u + 18 = 4*w, -3*w = 3*u - 6*w + 15. Let z = 6 + u. Suppose -2*g + 4 = -0. What is the remainder when z is divided by g?
1
Let l = 16 + -13. Calculate the remainder when 9 is divided by l.
0
Suppose -4*l + 1 = -19. Suppose -v - r - 2*r = -25, v = l*r + 33. What is the remainder when v is divided by 6?
4
Let f(h) = 2*h**2 + 3*h. What is the remainder when 6*((-130)/4)/(-5) is divided by f(-4)?
19
Calculate the remainder when (-58)/(4/1 - 5) is divided by 30.
28
Suppose 0 = t - 4*t + 12. Suppose -3*k + 9 = -4*k - 4*c, -k + 15 = -2*c. What is the remainder when k is divided by t?
3
What is the remainder when (-100)/(-6) + 2/6 is divided by 3/(-1) + 24/3?
2
Let s = -33 + 36. Suppose 4*r = -2 + 6. What is the remainder when s is divided by r?
0
Let o = 70 + -52. Calculate the remainder when o is divided by 57/5 + 2/(-5).
7
Let d(a) = a + 1. Let b be d(3). Suppose 4*s + 132 = b*t, -3*t - 4*s + 92 = -21. What is the remainder when t is divided by 12?
11
Let x = -14 + 16. Suppose 3*w + 2*w = -x*d + 366, w - 87 = -5*d. What is the remainder when w is divided by 19?
15
Calculate the remainder when 59 is divided by 2 - (4 - -1) - -15.
11
Suppose 30*u + 60 = 34*u. Suppose -d - 3*n - 2*n + 23 = 0, -3*d = n - 83. What is the remainder when d is divided by u?
13
Suppose -3*f = 2*u - 10, -f - 4*u + 8 = -2. Suppose -2*v + 5*r + 0*r = -72, -f*v + 72 = -2*r. Calculate the remainder when v + (-2 + 2 - 2) is divided by 18.
16
Let v(l) = -7*l + 7. Let b(f) = -91*f + 91. Let k(o) = -6*b(o) + 77*v(o). Calculate the remainder when k(5) is divided by (-14 + 8)*(-26)/12 + -3.
8
Let z be (10/4)/(3/(-6)). Let a = z - -3. Calculate the remainder when 3 + a - (0 + 0) is divided by 1.
0
Suppose -4*m = -4*l - 32, -5*m + 2*l + 32 = l. Let h be 33/m - (-3)/(-2). Suppose 38 + 38 = h*c. Calculate the remainder when c is divided by 7.
5
Let p(w) = w**3 - 4*w**2 - 7*w + 12. What is the remainder when 11 is divided by p(5)?
1
Suppose 5*u = 10*u - 485. Calculate the remainder when u is divided by 11.
9
Let q(a) = a**3 + 7*a**2 - 3*a + 9. Let p be q(-7). Suppose -p = -u + 1. Calculate the remainder when u is divided by 11.
9
Suppose 0 = a + 2 + 6. Let t(j) = -2*j - 4*j + 4*j - 3. What is the remainder when t(a) is divided by 5?
3
Suppose -5*a + 11 = -d, -a - a + 6 = -2*d. Suppose -7*i + 2*i + 45 = 0. What is the remainder when -2 + ((-108)/a)/(-2) is divided by i?
7
Suppose 3*q + 3 = 2*q. Let g be 0 + q - (-1 + 1). Calculate the remainder when 30 is divided by (-12)/g + -2 - -6.
6
Let w(y) = y**3 + 4*y**2 - 4*y + 7. Let t = 15 + -8. Let k = t - 1. What is the remainder when k is divided by w(-5)?
0
Suppose 7*v - 11*v + 148 = 0. Calculate the remainder when v is divided by 13.
11
Let h be 28/5 - (-15)/(-25). Suppose -4*o + 52 = 3*i, 5*o = h*i + 27 + 3. Calculate the remainder when o is divided by 1 - -2*(-3)/(-2).
2
Suppose 2*n + 2*n = 64. What is the remainder when 45 is divided by n?
13
Suppose -3*c = -7*c + 160. Let j(n) = 8*n - 2. What is the remainder when c is divided by j(2)?
12
Let j = -38 + 53. Let m = 24 - j. Calculate the remainder when 17 is divided by m.
8
What is the remainder when 20 is divided by (-2 + 4/6)*(-12 + 6)?
4
What is the remainder when 59 is divided by -31*(1 - (-2 + 4))?
28
Let b(q) = q**2 + 4*q. Calculate the remainder when 45 is divided by b(-6).
9
Suppose 4*c - f - 2*f = 460, -3*c + 352 = -4*f. What is the remainder when c is divided by 23?
20
Let u(p) = p + 1. Let d be u(-2). Let l(o) = -o**3 - o. Let g be l(d). Let n(q) = q**2 + q + 1. Calculate the remainder when 12 is divided by n(g).
5
Let c = 5 - -2. Suppose 0 = c*d - 3*d - 432. Calculate the remainder when d is divided by 37.
34
Suppose 3*l + 6 = -0*l. Let r = l + 2. Suppose a + 3 + 1 = t, 5*t + 4*a - 11 = r. What is the remainder when t is divided by 2?
1
Suppose -x - 32 = -3*x. Let t = -21 - -29. Suppose p = 5*o - 0*o + x, -p + t = 3*o. Calculate the remainder when 21 is divided by p.
10
Let v(l) = l**2 - l + 11. Suppose 5*j - 2*c + 8 = j, 5*c - 20 = -j. What is the remainder when v(j) is divided by 6?
5
Let f = 6 + -1. Suppose -3*r = -f*k - 2*r + 227, 5*r - 35 = -k. What is the remainder when k is divided by 23?
22
Suppose 3*c = -2*k - 32, 4*c + 5*k + 8 + 37 = 0. Let s = 7 - c. Calculate the remainder when 49 is divided by s.
15
Suppose 2*i - 52 = -3*s, 48 = 2*s + s + 3*i. What is the remainder when s is divided by 8?
4
Suppose 5*q - 5*z - 30 = 0, 5*z = 2*q - 7*q + 80. Suppose 5*o + 2*b - 190 = -3*b, 0 = 2*o - b - 85. Calculate the remainder when o is divided by q.
8
Suppose 5*o - 2*i + 676 - 3136 = 0, 5*i = 3*o - 1476. Calculate the remainder when o/20 - (-4)/10 is divided by 13.
12
What is the remainder when 274/8 - (-3)/(-12) is divided by 18?
16
Let b(x) = -x**3 + 4*x**2 + 4*x - 9. What is the remainder when 27 is divided by b(4)?
6
Suppose -3*i = -5*a - 2 + 8, 5*i + 5*a = 30. Let g = i - -1. Let d(c) = c. Calculate the remainder when d(g) is divided by 3.
1
Let z(k) = 3 - 2*k + k**2 - 4*k**2 + 2*k**2. Let r be z(-3). Suppose 5*p - 115 + 30 = r. Calculate the remainder when p is divided by 9.
8
Let t = 33 - 18. Let v(i) = 3*i**3 + i**2 + i - 1. Let f be v(1). Suppose b = f*n - 8, -3*b + 9*n - 4*n = -4. What is the remainder when t is divided by b?
7
Let j(i) = 4*i**3 - i**2 + 1. Let a(o) = o**2 - 3*o + 3. Let y be (-1 - -4) + 1 + -2. Let f be a(y). What is the remainder when 7 is divided by j(f)?
3
Let s be (132/20)/(1/(-5)). Let p = s + 60. What is the remainder when p is divided by 14?
13
Suppose g - 63 = 4*n, 2*g + 38 = 4*n + 160. Let o = g + -37. Let t = -1 + o. Calculate the remainder when t is divided by 11.
10
Let n be (-35)/(-2)*2*3. What is the remainder when (n/(-9))/((-2)/6) is divided by (-8)/(-3)*(-18)/(-4)?
11
Suppose -11 = -g + 3*y, 5*g - 3*y - 95 = 2*y. Suppose -20 = q + 5*a - 9, 0 = -4*q + a + 40. What is the remainder when g is divided by q?
5
Suppose -4*k + 44 = -16. Calculate the remainder when 104 is divided by k.
14
Suppose -2*y - 7 = -1, -2*k + 4*y = -34. Suppose 14 = -8*h + 10*h. What is the remainder when k is divided by h?
4
Let v be (2*(-1)/2)/(-1). Suppose -g - v = -2. Suppose -5*j - 4*d + 7*d = 4, d - 2 = j. Calculate the remainder when j is divided by g.
0
Let s(m) = 13*m**2 - 1. Suppose -3*q + 2*q = -5*i + 24, -4*q - 3*i = -19. Suppose -4*o - o + 170 = 0. Calculate the rema